-4165. Calculate the remainder when 563 is divided by j.
5
Calculate the remainder when 555 is divided by (157 + -144)*86/26.
39
Let x(p) = -4*p**3 - 2*p**2 - 2*p + 5. Let c = -63 + 66. Suppose -3*h + 4*b - 11 = 3*b, c*h + 7 = -b. Calculate the remainder when x(h) is divided by 17.
16
Suppose 4*a = -3*k + 14026, -27*a + 5*k = -22*a - 17585. Calculate the remainder when a is divided by 22.
13
Let i = 3114 - 2810. Calculate the remainder when i is divided by 114.
76
Let x(m) = m**3 - 8*m**2 + 14*m - 12. Let h be x(6). Suppose -2*q - t + 552 = h, -q + 4*q - 823 = -4*t. What is the remainder when q is divided by 35?
32
Suppose s - 4 = -0*s. Let p(d) = -d**2 - 2*d + 3. Let j be p(-6). What is the remainder when 8/3*j/(-4) is divided by s?
2
Suppose -11 = -b + 5. Let i = b - 14. Suppose i*t - q = -4*q + 20, -5*q = -t + 23. What is the remainder when 21 is divided by t?
8
Calculate the remainder when 59 is divided by 3 + (-2 - ((-5 - 2) + 2)).
5
Suppose 5*v = -5*f + 320, -200 = -5*f - 4*v + 124. Suppose 5*n - 18 = 222. Let t = f - n. What is the remainder when t is divided by 11?
9
Suppose -386*m - 35*m = 73*m - 107198. Calculate the remainder when 4986 is divided by m.
212
Let s = 1 - -59. Suppose 0*w + s = 2*w. What is the remainder when w is divided by 9?
3
Let m(k) = k + 10. Let p be m(-5). Suppose 2*t - z = 4 + 4, p*t - 3*z - 22 = 0. What is the remainder when t + 12/(-7) - (-94)/14 is divided by 1?
0
Let u = 53 - 92. Let t = u + 139. Suppose -4*s + 160 - 24 = 0. What is the remainder when t is divided by s?
32
Let w = -9521 - -18619. Calculate the remainder when w is divided by 65.
63
Suppose 42 = u - 4*t, 111*u - 3*t = 114*u - 21. Calculate the remainder when 90 is divided by u.
6
Let n be (-88)/3*((-6)/(-12) + 1). Let y = 12 - n. Calculate the remainder when y is divided by 37.
19
Let c(n) = 5*n**2 - n + 3 - 2*n + 2 + 4. Let f be c(5). Let o = f + -84. What is the remainder when o is divided by 18?
17
Let u(p) = 13*p - 67. Let a(o) = o**3 + 5*o**2 - 23*o + 3. Let k be a(3). Calculate the remainder when 20 is divided by u(k).
9
Suppose 4*x - 14 = 6. Let r(m) = 3*m**2 - 6*m - 5. Let d be r(x). What is the remainder when 58 is divided by (d/(-4))/(2/(-4))?
18
Suppose 4*k - 63 = -3*n, 51*k - 48*k + 4*n - 42 = 0. What is the remainder when 7540 is divided by k?
16
Suppose 8 - 6 = 2*v. Suppose -309 = -4*k - v. Calculate the remainder when k is divided by 4.
1
Let y(s) = -s**3 - 3*s**2 - 2*s - 3. Suppose -131 = -z - 3*b, -218 = 4*z + b - 709. Calculate the remainder when z is divided by y(-4).
17
Let k = -337 + 565. What is the remainder when k is divided by 84?
60
Let d be (-522)/(-145)*70/4. Suppose s = d + 73. Calculate the remainder when s is divided by 48.
40
Let x(l) = 57*l**2 - 22*l + 99. Calculate the remainder when x(4) is divided by 76.
11
Let t be 602/(-10) + 20/100. What is the remainder when (-1654)/(-30) - -1*8/t is divided by 0 + (2 - -15) + 18/(-9)?
10
Let v(h) = 102*h + 308. What is the remainder when 321 is divided by v(-2)?
9
Let s(f) = -37*f - 11. Let m(h) = 75*h + 22. Let k(d) = -4*m(d) - 7*s(d). Let o be k(-5). Calculate the remainder when 33 is divided by o/10 + 12/(-30).
14
Let j = 207 - 203. Suppose 5*s = -3*u + 3*s + 83, -4*s + 112 = j*u. Calculate the remainder when 156 is divided by u.
21
Let m be (-3)/(-2)*(-340)/(-51). Let p = 152 - 91. Calculate the remainder when p is divided by ((-6)/(-4))/(m/140).
19
Suppose 139*n = 149*n + 4280. Let d = n - -468. Suppose 0 = -4*w + 2*w, 0 = 3*q - w - 348. Calculate the remainder when q is divided by d.
36
Let m be (26/13)/((-2)/(-16)). Let i = -120 - -171. What is the remainder when i is divided by (-4)/m + 53/4?
12
Let t(y) = -y - 7. Let a be t(-3). Let l be 3 + 4*(-1)/a. Suppose 0*x + 42 = 2*x + 5*c, l*x - 3*c = 32. What is the remainder when 24 is divided by x?
2
Suppose 16*h = 17*h. Suppose h = 5*o + 2 - 17. Suppose 0 = -k + o*k - 16. Calculate the remainder when 21 is divided by k.
5
Suppose -3510 = -104*g + 91*g. Suppose -19*h - g = -29*h. What is the remainder when 134 is divided by h?
26
Suppose 384 - 267 = 25*n - 1183. Calculate the remainder when 228 is divided by n.
20
Let r(m) = 2*m. What is the remainder when 83*(45/(-5) - -10) is divided by r(3)?
5
Suppose 0 = 3*o - r - 271, o - 2*o + 4*r = -94. What is the remainder when (1/(3/(-228)))/((-17)/(1989/52)) is divided by o?
81
Let n be (-1)/((-4*(-4)/24)/(256/96)). Let g(p) = -2*p + 4*p + 3*p**2 + 7*p. Calculate the remainder when g(n) is divided by 8.
4
Suppose -25*y + 132 = -22*y + 3*w, -3*y = -5*w - 140. Calculate the remainder when 47 is divided by y.
2
Suppose -a = -q - 698, -12*q - 686 = -a - 14*q. What is the remainder when a is divided by 59?
45
Calculate the remainder when (-702)/(-45) + -16 - (-17144)/10 is divided by 342.
4
Let v = 750 - 712. Calculate the remainder when v is divided by 21.
17
Let t(j) = -j - 10. Let a be t(-6). What is the remainder when 0 + (39 - (a + -2)) is divided by 20?
5
Calculate the remainder when 9387 is divided by (405/(-18))/(-7 + 75/12).
27
Suppose 1364*q = 1390*q - 30992. What is the remainder when q is divided by 93?
76
Suppose 3*w + 173 = 5*h, -50 - 51 = -3*h - w. Calculate the remainder when h is divided by 33.
1
Let s = -4376 - -4981. Calculate the remainder when s is divided by 43.
3
Let g(y) = -10*y**2 - 117*y - 3. Calculate the remainder when g(-11) is divided by 1/(2*2/100).
24
Suppose -96 = -5*w - q, -5*w + 20 = -3*w + 5*q. Calculate the remainder when 655/(13 - (6 - -2)) is divided by w.
11
Suppose 5*o - 49 = 41. Let a = 140 - 33. What is the remainder when a is divided by o?
17
Let c = 107 + -105. Calculate the remainder when 264 is divided by c.
0
Suppose -762 = 62*o + 2090. Suppose -5*l + 4*l - 42 = 0. Let a = l - o. Calculate the remainder when 5 is divided by a.
1
Suppose 4*n - 13*o - 26731 = 10330, 2*o = -2*n + 18522. What is the remainder when n is divided by 113?
109
Let u(w) = 132*w + 91. Let g be u(-4). Let c = 441 + g. What is the remainder when c is divided by 1?
0
Suppose 8*f = 397 + 187. Let r = 1027 + -1014. Calculate the remainder when f is divided by r.
8
Let m = 47397 + -47363. Calculate the remainder when ((-75)/9 + -2)*-6 is divided by m.
28
Let x(u) = 398*u + 2306. What is the remainder when x(-5) is divided by 151?
14
Suppose 5*v - 21 = -2*v. Suppose -v*f + b = -6*f - 53, -f + b = 19. Calculate the remainder when 41 is divided by -2*2 - (f + 5).
5
What is the remainder when 738 is divided by (-1176)/(-35)*(-165)/(-66)?
66
Suppose -5*l + 116 = 56. Suppose -12*u - l = -60. What is the remainder when 87 is divided by u?
3
Let y be (-2 - -1) + 10 + -4. Suppose 0 = -w - y*c + 23, -4*c + 6*c = -4*w + 92. What is the remainder when 180 is divided by w?
19
Suppose -3*l + 2*h = -6*l + 6940, -5*l - 4*h + 11570 = 0. Let w(z) = 19*z**2 + z + 2. Calculate the remainder when w(2) is divided by l/135 + (-1)/9.
12
Let o(b) be the second derivative of -b**3/3 + 17*b**2 + 30*b. Let f(g) = 10*g + 1. Calculate the remainder when o(-13) is divided by f(2).
18
Suppose -19*l + 27*l = 22*l - 42. What is the remainder when (-116)/(-10) - (-2)/5 is divided by l?
0
Let c = 7193 + -7355. Suppose 2*j = -3*z + 8, 3*j - 2*j = -2*z + 5. What is the remainder when 107 is divided by ((-8)/(-12) + -1)/(z/c)?
26
Let x = 760 + -1509. What is the remainder when 14/4 - x/14 is divided by 32?
25
Let u be ((360/14)/6)/((-3)/(-70)). Suppose 2*y - u = -11*h + 14*h, 2*h - 100 = -2*y. Calculate the remainder when 112 is divided by y.
12
Let z(a) = a**3 + 30*a**2 - 2*a - 57. Let q be z(-30). Suppose -q*g + 111 + 24 = 0. What is the remainder when g is divided by 8?
5
Let l(p) = -8*p**3 - 66*p**2 + 50*p - 22. Calculate the remainder when 549 is divided by l(-9).
3
Let j be 1*(2 - 3) + 54 + -1. Suppose 0 = -4*t + j + 12. Suppose -q = 15 - t. What is the remainder when 2 is divided by q?
0
Suppose w + 2 = 115. Suppose -2*s + 1 = -w. Suppose -95*q + 18*q + 823 = 27*q - 425. Calculate the remainder when s is divided by q.
9
Suppose 365*z + 40 = 370*z. Suppose -2*j = j - 363. What is the remainder when j is divided by (12/10)/3*(72 + z)?
25
Let m(q) = -60*q - 2591. What is the remainder when m(-60) is divided by 55?
19
Let j = 451 + -177. Suppose -3*g - 185 = j. Let f = g + 255. What is the rem